 common factor of 672 and 659304.
24
Calculate the highest common factor of 33265848 and 1176.
168
Calculate the greatest common divisor of 304 and 2650804.
76
Calculate the greatest common factor of 1984731 and 665637.
609
What is the highest common divisor of 6 and 39221252?
2
Calculate the highest common divisor of 12662530 and 14170.
1090
What is the highest common factor of 22424932 and 942281?
6779
What is the greatest common divisor of 55259600 and 715?
55
What is the greatest common factor of 14709 and 55?
1
What is the highest common factor of 8510 and 34262111?
851
Calculate the greatest common divisor of 14892 and 6494226.
438
Calculate the highest common divisor of 637228 and 1700.
68
Calculate the greatest common factor of 78960937 and 3604.
901
What is the highest common divisor of 463 and 89021473?
463
What is the highest common divisor of 2291348 and 319?
29
Calculate the highest common divisor of 3080 and 139159405.
385
Calculate the highest common factor of 1107713 and 1537.
29
Calculate the greatest common divisor of 100 and 63705680.
20
Calculate the greatest common divisor of 6 and 7780048.
2
Calculate the highest common divisor of 638 and 899029.
29
Calculate the greatest common factor of 696 and 164654460.
348
Calculate the greatest common divisor of 494375 and 24521.
791
Calculate the highest common divisor of 2 and 2184667.
1
What is the highest common divisor of 2221916 and 21836?
412
What is the greatest common divisor of 3295600 and 14800?
400
What is the highest common divisor of 32045 and 165606095?
2465
Calculate the greatest common factor of 15 and 551859.
3
Calculate the greatest common factor of 2159124 and 6540.
12
Calculate the highest common divisor of 70 and 264851195.
35
Calculate the highest common divisor of 91601 and 277439.
659
What is the greatest common factor of 260461238 and 4321?
4321
Calculate the highest common factor of 32 and 293296.
16
What is the greatest common divisor of 3351056 and 464?
16
What is the highest common divisor of 39645169 and 18055?
3611
Calculate the highest common factor of 44222067 and 1681.
1681
Calculate the greatest common factor of 133249 and 106247.
587
Calculate the greatest common factor of 192148 and 15664.
44
Calculate the greatest common divisor of 54 and 836379.
27
Calculate the highest common divisor of 1608 and 771639.
201
Calculate the highest common factor of 1581 and 39531851.
527
What is the highest common factor of 472 and 3378488?
8
What is the highest common factor of 4258890 and 7900?
790
Calculate the highest common factor of 816 and 3399184.
272
Calculate the highest common divisor of 12517918 and 1988.
14
Calculate the greatest common factor of 190 and 2418050.
10
Calculate the greatest common divisor of 25190 and 22529936.
5038
What is the highest common divisor of 2420 and 130127635?
605
Calculate the highest common divisor of 80 and 4607135.
5
Calculate the highest common divisor of 30 and 2791090.
10
Calculate the highest common factor of 550818 and 1956618.
1278
Calculate the highest common factor of 2806695 and 9215.
485
What is the greatest common factor of 70 and 17345030?
10
What is the highest common divisor of 180659460 and 19920?
4980
Calculate the greatest common divisor of 33916244 and 3172.
244
Calculate the greatest common divisor of 983229 and 1530.
51
What is the highest common divisor of 7501210 and 200?
10
Calculate the greatest common divisor of 350 and 85252426.
14
Calculate the highest common divisor of 1431 and 24178759.
53
What is the greatest common divisor of 2 and 105662906?
2
Calculate the greatest common factor of 1222 and 727272.
26
What is the greatest common factor of 230853 and 42819?
21
Calculate the greatest common factor of 17151596 and 7689.
2563
What is the highest common divisor of 1207340 and 540?
20
What is the highest common factor of 18883476 and 143100?
5724
Calculate the highest common divisor of 512 and 21694976.
512
Calculate the greatest common factor of 136 and 122358197.
17
Calculate the greatest common divisor of 1486822 and 93.
31
Calculate the greatest common divisor of 749 and 139795179.
107
Calculate the greatest common factor of 105001280 and 32.
32
Calculate the greatest common factor of 7235686 and 2.
2
Calculate the greatest common divisor of 11 and 535115878.
11
What is the highest common factor of 35424 and 4228248?
984
What is the highest common factor of 1647021 and 987?
141
Calculate the greatest common factor of 735826 and 108850.
4354
What is the greatest common factor of 4524 and 11128?
52
What is the greatest common divisor of 22749474 and 4092?
2046
Calculate the greatest common factor of 2538831 and 4090215.
2229
What is the highest common factor of 8867540 and 204?
68
What is the highest common divisor of 306 and 736686?
18
Calculate the highest common factor of 142760 and 2822.
166
What is the highest common factor of 2722576 and 656058?
1294
Calculate the highest common factor of 246152670 and 795.
795
Calculate the highest common divisor of 1705593 and 31467.
51
Calculate the greatest common divisor of 39517972 and 10036.
52
Calculate the highest common divisor of 45052456 and 7648.
1912
What is the highest common divisor of 4725 and 9758385?
315
Calculate the greatest common factor of 54229749 and 189.
21
What is the highest common divisor of 242214 and 1025262?
3318
What is the highest common divisor of 58934043 and 198?
9
Calculate the greatest common divisor of 288 and 3782664.
72
What is the highest common factor of 25 and 23524075?
25
Calculate the greatest common factor of 15 and 25119048.
3
What is the greatest common divisor of 36 and 79051536?
36
What is the greatest common factor of 458823552 and 1254?
1254
Calculate the highest common divisor of 6 and 1087098.
6
What is the greatest common divisor of 8 and 9627736?
8
Calculate the highest common factor of 2838 and 59169462.
2838
Calculate the highest common factor of 79822107 and 3852.
963
What is the greatest common factor of 7151373 and 37281?
2193
Calculate the greatest common divisor of 308 and 88564336.
28
Calculate the greatest common factor of 99 and 10852281.
99
What is the highest common factor of 1362867688 and 91?
91
What is the highest common divisor of 7572368 and 6752?
3376
Calculate the highest common divisor of 228023283 and 3789.
1263
What is the highest common factor of 13701472 and 5952?
32
Calculate the highest common divisor of 28 and 58808330.
14
What is the greatest common divisor of 280159883 and 6441?
2147
What is the greatest common factor of 12873 and 35861?
7
Calculate the highest common divisor of 6570 and 6186.
6
What is the highest common factor of 26156530 and 20?
10
What is the greatest common divisor of 1165612 and 91238?
1862
Calculate the highest common divisor of 10047599 and 133.
19
What is the highest common divisor of 1611 and 3915267?
537
Calculate the greatest common factor of 27 and 5369451.
3
Calculate the highest common factor of 10416825 and 180.
45
What is the greatest common factor of 22 and 358722144?
22
What is the highest common factor of 79000888 and 40?
8
What is the greatest common factor of 269495359 and 7?
7
What is the greatest common divisor of 12942270 and 120?
30
Calculate the greatest common factor of 103 and 41321.
1
Calculate the highest common divisor of 8568891 and 609.
87
What is the highest common factor of 27426 and 7388042?
1306
What is the greatest common divisor of 80310042 and 3159?
243
Calculate the greatest common divisor of 11644822 and 18581.
1093
Calculate the highest common divisor of 1171620756 and 36.
36
What is the greatest common divisor of 279483 and 70269?
177
Calculate the greatest common divisor of 6732700 and 3900.
1300
Calculate the highest common divisor of 22313396 and 35.
7
Calculate the highest common divisor of 1845 and 109578195.
45
Calculate the highest common divisor of 382994 and 96.
2
Calculate the greatest common divisor of 37578300 and 270.
30
Calculate the greatest common divisor of 6902 and 223244.
238
What is the highest common divisor of 23776646 and 1357?
59
Calculate the highest common divisor of 11617329 and 981.
327
Calculate the highest common factor of 62 and 331961206.
62
Calculate the greatest com